{"id":112,"date":"2018-03-06T17:00:55","date_gmt":"2018-03-06T16:00:55","guid":{"rendered":"http:\/\/www.diagramme-web.fr\/pontdebeauvoisin\/?page_id=112"},"modified":"2018-11-19T11:03:21","modified_gmt":"2018-11-19T10:03:21","slug":"dates-a-retenir-ndr","status":"publish","type":"page","link":"http:\/\/www.diagramme-web.fr\/pontdebeauvoisin\/ecole-notre-dame-rosaire\/dates-a-retenir-ndr\/","title":{"rendered":"Dates \u00e0 retenir NDR"},"content":{"rendered":"<h2 style=\"text-align: center;\">CIRCULAIRE N\u00b02 &#8211; Octobre 2018<\/h2>\n<ul>\n<li><strong>dimanche 7\/10 :<\/strong> f\u00eate de Notre Dame du Rosaire. Jeudi 4, \u00e0 l\u2019\u00e9cole, nous avons c\u00e9l\u00e9br\u00e9 Marie, qui porte aussi le nom de Notre Dame du Rosaire et qui a donn\u00e9 son nom \u00e0 notre \u00e9cole.<\/li>\n<li><strong>vendredi 5\/10 :<\/strong> les \u00e9l\u00e8ves de CM candidats au CMJ (Conseil Municipal des Jeunes) passeront dans les classes de CE ainsi que dans les classes de l\u2019\u00e9cole publique pour exposer leur profession de foi.<\/li>\n<li><strong>du 8 au 12\/10 :<\/strong> semaine du go\u00fbt. A l\u2019\u00e9cole, nous profiterons de cette semaine particuli\u00e8re pour aborder les 4 saveurs. Ainsi, chaque jour, une classe pr\u00e9parera un plat (g\u00e2teau\u2026) qu\u2019elle fera d\u00e9couvrir \u00e0 tous les \u00e9l\u00e8ves.<\/li>\n<li><strong>du 8 au 12\/10 :<\/strong> semaine des sciences. Ce sera l\u2019occasion de faire des exp\u00e9riences scientifiques, de s\u2019interroger, d\u2019\u00e9mettre des hypoth\u00e8ses\u2026<\/li>\n<li><strong>vendredi 12\/10 :<\/strong> \u00e9lections des \u00e9l\u00e8ves de CM1\/CM2 au CMJ<\/li>\n<li><strong>lundi 15\/10 :<\/strong> exposition des exp\u00e9riences scientifiques v\u00e9cues la semaine pr\u00e9c\u00e9dente pour tous les \u00e9l\u00e8ves. Nous organiserons une exposition pour les parents d\u00e8s 16h15. Vous serez donc invit\u00e9s \u00e0 entrer dans la cour pour profiter du travail r\u00e9alis\u00e9 par tous les \u00e9l\u00e8ves.<\/li>\n<li><strong>mardi 16\/10 :<\/strong> assembl\u00e9e des enfants avec le go\u00fbter pr\u00e9par\u00e9 par la classe de maternelle<\/li>\n<li><strong>jeudi 18\/10 :<\/strong> Conseil d\u2019\u00e9tablissement n\u00b01 de 18h30 \u00e0 20h30<\/li>\n<li><strong>lundi 5\/11 :<\/strong> r\u00e9union pour le voyage \u00ab musique et nature \u00bb du mois de mai des classes des maternelle\/CP \u00e0 18h30, dans la cantine<\/li>\n<li><strong>mardi 6\/11 :<\/strong> r\u00e9union pour le voyage \u00ab musique et nature \u00bb du mois de mai des classes de CE\/CM \u00e0 18h30, dans la cantine<\/li>\n<li><strong>jeudi 8\/11 :<\/strong> pr\u00e9paration \u00e0 la c\u00e9l\u00e9bration de No\u00ebl ouverte aux parents de 16h45 \u00e0 17h45<\/li>\n<\/ul>\n","protected":false},"excerpt":{"rendered":"<p>CIRCULAIRE N\u00b02 &#8211; Octobre 2018 dimanche 7\/10 : f\u00eate de Notre Dame du Rosaire. Jeudi 4, \u00e0 l\u2019\u00e9cole, nous avons c\u00e9l\u00e9br\u00e9 Marie, qui porte aussi le nom de Notre Dame du Rosaire et qui a donn\u00e9 son nom \u00e0 notre \u00e9cole. vendredi 5\/10 : les \u00e9l\u00e8ves de CM candidats au CMJ (Conseil Municipal des Jeunes) [&hellip;]<\/p>\n","protected":false},"author":1,"featured_media":0,"parent":6,"menu_order":0,"comment_status":"closed","ping_status":"closed","template":"","meta":[],"_links":{"self":[{"href":"http:\/\/www.diagramme-web.fr\/pontdebeauvoisin\/wp-json\/wp\/v2\/pages\/112"}],"collection":[{"href":"http:\/\/www.diagramme-web.fr\/pontdebeauvoisin\/wp-json\/wp\/v2\/pages"}],"about":[{"href":"http:\/\/www.diagramme-web.fr\/pontdebeauvoisin\/wp-json\/wp\/v2\/types\/page"}],"author":[{"embeddable":true,"href":"http:\/\/www.diagramme-web.fr\/pontdebeauvoisin\/wp-json\/wp\/v2\/users\/1"}],"replies":[{"embeddable":true,"href":"http:\/\/www.diagramme-web.fr\/pontdebeauvoisin\/wp-json\/wp\/v2\/comments?post=112"}],"version-history":[{"count":7,"href":"http:\/\/www.diagramme-web.fr\/pontdebeauvoisin\/wp-json\/wp\/v2\/pages\/112\/revisions"}],"predecessor-version":[{"id":744,"href":"http:\/\/www.diagramme-web.fr\/pontdebeauvoisin\/wp-json\/wp\/v2\/pages\/112\/revisions\/744"}],"up":[{"embeddable":true,"href":"http:\/\/www.diagramme-web.fr\/pontdebeauvoisin\/wp-json\/wp\/v2\/pages\/6"}],"wp:attachment":[{"href":"http:\/\/www.diagramme-web.fr\/pontdebeauvoisin\/wp-json\/wp\/v2\/media?parent=112"}],"curies":[{"name":"wp","href":"https:\/\/api.w.org\/{rel}","templated":true}]}}