{"id":267,"date":"2018-03-08T11:46:01","date_gmt":"2018-03-08T10:46:01","guid":{"rendered":"http:\/\/www.diagramme-web.fr\/pontdebeauvoisin\/?page_id=267"},"modified":"2018-11-19T09:01:18","modified_gmt":"2018-11-19T08:01:18","slug":"ogec-apel-cjda","status":"publish","type":"page","link":"http:\/\/www.diagramme-web.fr\/pontdebeauvoisin\/college-jeanne-darc\/ogec-apel-cjda\/","title":{"rendered":"OGEC\/APEL CJDA"},"content":{"rendered":"\t\t<div class=\"elementor elementor-267\">\n\t\t\t<div class=\"elementor-inner\">\n\t\t\t\t<div class=\"elementor-section-wrap\">\n\t\t\t\t\t\t\t<section data-id=\"109e9b8\" class=\"elementor-element elementor-element-109e9b8 elementor-section-boxed elementor-section-height-default elementor-section-height-default elementor-section elementor-top-section\" data-element_type=\"section\">\n\t\t\t\t\t\t<div class=\"elementor-container elementor-column-gap-default\">\n\t\t\t\t<div class=\"elementor-row\">\n\t\t\t\t<div data-id=\"8e352aa\" class=\"elementor-element elementor-element-8e352aa elementor-column elementor-col-100 elementor-top-column\" data-element_type=\"column\">\n\t\t\t<div class=\"elementor-column-wrap elementor-element-populated\">\n\t\t\t\t\t<div class=\"elementor-widget-wrap\">\n\t\t\t\t<div data-id=\"14ba912\" class=\"elementor-element elementor-element-14ba912 elementor-widget elementor-widget-heading\" data-element_type=\"heading.default\">\n\t\t\t\t<div class=\"elementor-widget-container\">\n\t\t\t<h2 class=\"elementor-heading-title elementor-size-default\">APEL<\/h2>\t\t<\/div>\n\t\t\t\t<\/div>\n\t\t\t\t\t\t<\/div>\n\t\t\t<\/div>\n\t\t<\/div>\n\t\t\t\t\t\t<\/div>\n\t\t\t<\/div>\n\t\t<\/section>\n\t\t\t\t<section data-id=\"6686aa3\" class=\"elementor-element elementor-element-6686aa3 elementor-section-boxed elementor-section-height-default elementor-section-height-default elementor-section elementor-top-section\" data-element_type=\"section\">\n\t\t\t\t\t\t<div class=\"elementor-container elementor-column-gap-default\">\n\t\t\t\t<div class=\"elementor-row\">\n\t\t\t\t<div data-id=\"5bfa6b70\" class=\"elementor-element elementor-element-5bfa6b70 elementor-column elementor-col-66 elementor-top-column\" data-element_type=\"column\">\n\t\t\t<div class=\"elementor-column-wrap elementor-element-populated\">\n\t\t\t\t\t<div class=\"elementor-widget-wrap\">\n\t\t\t\t<div data-id=\"51d1dfa3\" class=\"elementor-element elementor-element-51d1dfa3 elementor-widget elementor-widget-text-editor\" data-element_type=\"text-editor.default\">\n\t\t\t\t<div class=\"elementor-widget-container\">\n\t\t\t\t\t<div class=\"elementor-text-editor elementor-clearfix\"><h4><span style=\"color: #105289;\">L\u2019APEL est l\u2019Association des Parents d\u2019\u00c9l\u00e8ves de l\u2019Enseignement Libre.<\/span><\/h4><p>Votre adh\u00e9sion marque votre attachement et votre int\u00e9r\u00eat \u00e0 la qualit\u00e9 de cet enseignement. L\u2019APEL du coll\u00e8ge Jeanne d\u2019Arc, c\u2019est avant tout une \u00e9quipe active de parents b\u00e9n\u00e9voles qui participent concr\u00e8tement \u00e0 la vie et \u00e0 l\u2019animation du coll\u00e8ge afin de renforcer le lien entre tous les acteurs de la communaut\u00e9 \u00e9ducative.<\/p><p>Le r\u00f4le de l\u2019APEL est d\u2019\u00eatre pr\u00e9sent \u00e0 travers un certain nombre d\u2019actions pour participer pleinement \u00e0 la vie de l\u2019\u00e9\u00adta\u00adblis\u00adsement. Une des premi\u00e8res activit\u00e9s de l\u2019APEL est de r\u00e9unir des fonds gr\u00e2ce au march\u00e9 de No\u00ebl, Loto, tombola\u2026<\/p><p>L\u2019argent ainsi collect\u00e9 permet de contribuer financi\u00e8rement \u00e0 diff\u00e9rents projets \u00e9ducatifs, scolaires et culturels qui permettent \u00e0 nos jeunes de grandir et s\u2019\u00e9panouir.<\/p><p>Cette ann\u00e9e, l\u2019association a pris part au financement de Bilans d\u2019orientation personnalis\u00e9s, d\u2019abonnements \u00e0 des magazines mis \u00e0 disposition au CDI, et d\u2019ateliers autour de la lecture de textes organis\u00e9s par les professeurs de fran\u00e7ais.<\/p><p>L\u2019APEL a \u00e9galement organis\u00e9 et financ\u00e9 une formation 1<sup>er<\/sup> secours, permettant d\u2019obtenir le PSC1 pour l\u2019ensemble des \u00e9l\u00e8ves de 3<sup>\u00e8me<\/sup>.<\/p><p>La participation de l\u2019APEL s\u2019inscrit \u00e9galement dans les \u00e9v\u00e9nements sportifs et culturels de l\u2019\u00e9tablissement comme les spectacles organis\u00e9s par l\u2019\u00e9tablissement ou le CROSS.<\/p><p>L\u2019APEL soutient le travail des parents correspondants, repr\u00e9sentants de leur classe, en leur proposant une formation en d\u00e9but d\u2019ann\u00e9e et en restant \u00e0 leur \u00e9coute.<\/p><p>L\u2019APEL se mobilise en animant des Ateliers traitant des Troubles de l\u2019Apprentissage. Ces \u00e9changes permettent aux parents concern\u00e9s de se conna\u00eetre, d\u2019\u00e9voquer les probl\u00e8mes, de partager des solutions et faire du lien avec le coll\u00e8ge. Chacun peut y venir en fonction de son besoin et de sa disponibilit\u00e9.<\/p><p>L\u2019APEL renouvelle tous les ans son bureau au cours de l\u2019Assembl\u00e9e G\u00e9n\u00e9rale de fin septembre.<\/p><p>Aucune place n\u2019est r\u00e9serv\u00e9e, seul le nombre de place est limit\u00e9. Vous souhaitez participer \u00e0 notre action\u2009? N\u2019h\u00e9sitez pas\u2009! Venez \u00e0 nos c\u00f4t\u00e9s en rejoignant l\u2019association.<\/p><p>Vos id\u00e9es, votre imagination, votre cr\u00e9ativit\u00e9 et votre aide, m\u00eame ponctuelle et infime, sont essentielles et seront toujours les bienvenues.<\/p><p>Alors je vous remercie pour votre collaboration et bienvenue au sein de l\u2019APEL.<\/p><blockquote><p>Pour plus d\u2019informations, consulter\u00a0<a style=\"font-size: 14px; background-color: #ffffff;\" href=\"http:\/\/www.apel.fr\" target=\"_blank\" rel=\"noopener\">www.apel.fr<\/a><\/p><\/blockquote><\/div>\n\t\t\t\t<\/div>\n\t\t\t\t<\/div>\n\t\t\t\t\t\t<\/div>\n\t\t\t<\/div>\n\t\t<\/div>\n\t\t\t\t<div data-id=\"334ae73f\" class=\"elementor-element elementor-element-334ae73f elementor-column elementor-col-33 elementor-top-column\" data-element_type=\"column\">\n\t\t\t<div class=\"elementor-column-wrap elementor-element-populated\">\n\t\t\t\t\t<div class=\"elementor-widget-wrap\">\n\t\t\t\t<div data-id=\"4517ed4d\" class=\"elementor-element elementor-element-4517ed4d elementor-widget elementor-widget-image\" data-element_type=\"image.default\">\n\t\t\t\t<div class=\"elementor-widget-container\">\n\t\t\t\t\t<div class=\"elementor-image\">\n\t\t\t\t\t\t\t\t\t\t<img width=\"1024\" height=\"750\" src=\"http:\/\/www.diagramme-web.fr\/pontdebeauvoisin\/wp-content\/uploads\/2018\/09\/Logo_Apel_RVB-1024x750.jpg\" class=\"attachment-large size-large\" alt=\"Logo de l&#039;Association des Parents d&#039;\u00c9l\u00e8ves\" decoding=\"async\" loading=\"lazy\" srcset=\"http:\/\/www.diagramme-web.fr\/pontdebeauvoisin\/wp-content\/uploads\/2018\/09\/Logo_Apel_RVB-1024x750.jpg 1024w, http:\/\/www.diagramme-web.fr\/pontdebeauvoisin\/wp-content\/uploads\/2018\/09\/Logo_Apel_RVB-300x220.jpg 300w, http:\/\/www.diagramme-web.fr\/pontdebeauvoisin\/wp-content\/uploads\/2018\/09\/Logo_Apel_RVB-768x562.jpg 768w, http:\/\/www.diagramme-web.fr\/pontdebeauvoisin\/wp-content\/uploads\/2018\/09\/Logo_Apel_RVB.jpg 1748w\" sizes=\"(max-width: 1024px) 100vw, 1024px\" \/>\t\t\t\t\t\t\t\t\t\t\t<\/div>\n\t\t\t\t<\/div>\n\t\t\t\t<\/div>\n\t\t\t\t<div data-id=\"5060b18f\" class=\"elementor-element elementor-element-5060b18f elementor-widget elementor-widget-spacer\" data-element_type=\"spacer.default\">\n\t\t\t\t<div class=\"elementor-widget-container\">\n\t\t\t\t\t<div class=\"elementor-spacer\">\n\t\t\t<div class=\"elementor-spacer-inner\"><\/div>\n\t\t<\/div>\n\t\t\t\t<\/div>\n\t\t\t\t<\/div>\n\t\t\t\t<div data-id=\"4f3f9eea\" class=\"elementor-element elementor-element-4f3f9eea elementor-widget elementor-widget-heading\" data-element_type=\"heading.default\">\n\t\t\t\t<div class=\"elementor-widget-container\">\n\t\t\t<h2 class=\"elementor-heading-title elementor-size-default\">Nous contacter<\/h2>\t\t<\/div>\n\t\t\t\t<\/div>\n\t\t\t\t<div data-id=\"e573206\" class=\"elementor-element elementor-element-e573206 elementor-widget elementor-widget-text-editor\" data-element_type=\"text-editor.default\">\n\t\t\t\t<div class=\"elementor-widget-container\">\n\t\t\t\t\t<div class=\"elementor-text-editor elementor-clearfix\"><p><a href=\"mailto:apel.college.jeanne.arc.pont@gmail.com\" target=\"_blank\" rel=\"noopener\">apel.college.jeanne.arc.pont@gmail.com<\/a><\/p><\/div>\n\t\t\t\t<\/div>\n\t\t\t\t<\/div>\n\t\t\t\t<div data-id=\"146a748\" class=\"elementor-element elementor-element-146a748 elementor-widget elementor-widget-image\" data-element_type=\"image.default\">\n\t\t\t\t<div class=\"elementor-widget-container\">\n\t\t\t\t\t<div class=\"elementor-image\">\n\t\t\t\t\t\t\t\t\t\t<img width=\"737\" height=\"543\" src=\"http:\/\/www.diagramme-web.fr\/pontdebeauvoisin\/wp-content\/uploads\/2018\/09\/apel-college-1.jpg\" class=\"attachment-large size-large\" alt=\"Dans la cour du Coll\u00e8ge Jeanne d&#039;Arc Ensemble scolaire Rosaire Jeanne d&#039;Arc\" decoding=\"async\" loading=\"lazy\" srcset=\"http:\/\/www.diagramme-web.fr\/pontdebeauvoisin\/wp-content\/uploads\/2018\/09\/apel-college-1.jpg 737w, http:\/\/www.diagramme-web.fr\/pontdebeauvoisin\/wp-content\/uploads\/2018\/09\/apel-college-1-300x221.jpg 300w\" sizes=\"(max-width: 737px) 100vw, 737px\" \/>\t\t\t\t\t\t\t\t\t\t\t<\/div>\n\t\t\t\t<\/div>\n\t\t\t\t<\/div>\n\t\t\t\t<div data-id=\"574b1f3\" class=\"elementor-element elementor-element-574b1f3 elementor-widget elementor-widget-spacer\" data-element_type=\"spacer.default\">\n\t\t\t\t<div class=\"elementor-widget-container\">\n\t\t\t\t\t<div class=\"elementor-spacer\">\n\t\t\t<div class=\"elementor-spacer-inner\"><\/div>\n\t\t<\/div>\n\t\t\t\t<\/div>\n\t\t\t\t<\/div>\n\t\t\t\t<div data-id=\"56d9d9e9\" class=\"elementor-element elementor-element-56d9d9e9 elementor-widget elementor-widget-image\" data-element_type=\"image.default\">\n\t\t\t\t<div class=\"elementor-widget-container\">\n\t\t\t\t\t<div class=\"elementor-image\">\n\t\t\t\t\t\t\t\t\t\t<img width=\"654\" height=\"807\" src=\"http:\/\/www.diagramme-web.fr\/pontdebeauvoisin\/wp-content\/uploads\/2018\/09\/apel-college-2.jpg\" class=\"attachment-medium_large size-medium_large\" alt=\"LOTO au Coll\u00e8ge Jeanne d&#039;Arc Ensemble scolaire Rosaire Jeanne d&#039;Arc\" decoding=\"async\" loading=\"lazy\" srcset=\"http:\/\/www.diagramme-web.fr\/pontdebeauvoisin\/wp-content\/uploads\/2018\/09\/apel-college-2.jpg 654w, http:\/\/www.diagramme-web.fr\/pontdebeauvoisin\/wp-content\/uploads\/2018\/09\/apel-college-2-243x300.jpg 243w\" sizes=\"(max-width: 654px) 100vw, 654px\" \/>\t\t\t\t\t\t\t\t\t\t\t<\/div>\n\t\t\t\t<\/div>\n\t\t\t\t<\/div>\n\t\t\t\t\t\t<\/div>\n\t\t\t<\/div>\n\t\t<\/div>\n\t\t\t\t\t\t<\/div>\n\t\t\t<\/div>\n\t\t<\/section>\n\t\t\t\t<section data-id=\"3af91e84\" class=\"elementor-element elementor-element-3af91e84 elementor-section-boxed elementor-section-height-default elementor-section-height-default elementor-section elementor-top-section\" data-settings=\"{&quot;background_background&quot;:&quot;classic&quot;}\" data-element_type=\"section\">\n\t\t\t\t\t\t<div class=\"elementor-container elementor-column-gap-default\">\n\t\t\t\t<div class=\"elementor-row\">\n\t\t\t\t<div data-id=\"ab41c6d\" class=\"elementor-element elementor-element-ab41c6d elementor-column elementor-col-100 elementor-top-column\" data-element_type=\"column\">\n\t\t\t<div class=\"elementor-column-wrap elementor-element-populated\">\n\t\t\t\t\t<div class=\"elementor-widget-wrap\">\n\t\t\t\t<div data-id=\"4301abd1\" class=\"elementor-element elementor-element-4301abd1 elementor-widget elementor-widget-heading\" data-element_type=\"heading.default\">\n\t\t\t\t<div class=\"elementor-widget-container\">\n\t\t\t<h2 class=\"elementor-heading-title elementor-size-default\">OGEC<\/h2>\t\t<\/div>\n\t\t\t\t<\/div>\n\t\t\t\t<div data-id=\"2d20eb01\" class=\"elementor-element elementor-element-2d20eb01 elementor-widget elementor-widget-text-editor\" data-element_type=\"text-editor.default\">\n\t\t\t\t<div class=\"elementor-widget-container\">\n\t\t\t\t\t<div class=\"elementor-text-editor elementor-clearfix\"><p>L\u2019OGEC (Organisme de Gestion d\u2019un \u00c9tablissement Catholique) Jeanne d\u2019Arc est une association 1901 qui assure la gestion \u00e9conomique, sociale et financi\u00e8re en collaboration avec les chefs d\u2019\u00e9tablissements (\u00e9cole et coll\u00e8ge). L\u2019association encaisse les contributions des familles et les subventions vers\u00e9es par l\u2019\u00c9tat et le Conseil D\u00e9partemental pour le coll\u00e8ge, par la commune de Pont de Beauvoisin pour l\u2019\u00e9cole. L\u2019OGEC est l\u2019employeur du personnel non enseignant (personnel administratif, personnel d\u2019\u00e9ducation, personnel de service et personnel de Direction)\u2009; les enseignants \u00e9tant employ\u00e9s directement par l\u2019\u00c9tat. L\u2019OGEC assure les travaux d\u2019entretien des b\u00e2timents et les investissements.<\/p><\/div>\n\t\t\t\t<\/div>\n\t\t\t\t<\/div>\n\t\t\t\t\t\t<\/div>\n\t\t\t<\/div>\n\t\t<\/div>\n\t\t\t\t\t\t<\/div>\n\t\t\t<\/div>\n\t\t<\/section>\n\t\t\t\t\t\t<\/div>\n\t\t\t<\/div>\n\t\t<\/div>\n\t\t","protected":false},"excerpt":{"rendered":"<p>APEL L\u2019APEL est l\u2019Association des Parents d\u2019\u00c9l\u00e8ves de l\u2019Enseignement Libre. Votre adh\u00e9sion marque votre attachement et votre int\u00e9r\u00eat \u00e0 la qualit\u00e9 de cet enseignement. L\u2019APEL du coll\u00e8ge Jeanne d\u2019Arc, c\u2019est avant tout une \u00e9quipe active de parents b\u00e9n\u00e9voles qui participent concr\u00e8tement \u00e0 la vie et \u00e0 l\u2019animation du coll\u00e8ge afin de renforcer le lien entre [&hellip;]<\/p>\n","protected":false},"author":1,"featured_media":0,"parent":12,"menu_order":0,"comment_status":"closed","ping_status":"closed","template":"","meta":[],"_links":{"self":[{"href":"http:\/\/www.diagramme-web.fr\/pontdebeauvoisin\/wp-json\/wp\/v2\/pages\/267"}],"collection":[{"href":"http:\/\/www.diagramme-web.fr\/pontdebeauvoisin\/wp-json\/wp\/v2\/pages"}],"about":[{"href":"http:\/\/www.diagramme-web.fr\/pontdebeauvoisin\/wp-json\/wp\/v2\/types\/page"}],"author":[{"embeddable":true,"href":"http:\/\/www.diagramme-web.fr\/pontdebeauvoisin\/wp-json\/wp\/v2\/users\/1"}],"replies":[{"embeddable":true,"href":"http:\/\/www.diagramme-web.fr\/pontdebeauvoisin\/wp-json\/wp\/v2\/comments?post=267"}],"version-history":[{"count":7,"href":"http:\/\/www.diagramme-web.fr\/pontdebeauvoisin\/wp-json\/wp\/v2\/pages\/267\/revisions"}],"predecessor-version":[{"id":1052,"href":"http:\/\/www.diagramme-web.fr\/pontdebeauvoisin\/wp-json\/wp\/v2\/pages\/267\/revisions\/1052"}],"up":[{"embeddable":true,"href":"http:\/\/www.diagramme-web.fr\/pontdebeauvoisin\/wp-json\/wp\/v2\/pages\/12"}],"wp:attachment":[{"href":"http:\/\/www.diagramme-web.fr\/pontdebeauvoisin\/wp-json\/wp\/v2\/media?parent=267"}],"curies":[{"name":"wp","href":"https:\/\/api.w.org\/{rel}","templated":true}]}}