{"id":106,"date":"2018-03-06T16:59:50","date_gmt":"2018-03-06T15:59:50","guid":{"rendered":"http:\/\/www.diagramme-web.fr\/pontdebeauvoisin\/?page_id=106"},"modified":"2018-11-19T11:06:59","modified_gmt":"2018-11-19T10:06:59","slug":"ogec-apel-ndr","status":"publish","type":"page","link":"https:\/\/www.diagramme-web.fr\/pontdebeauvoisin\/ecole-notre-dame-rosaire\/ogec-apel-ndr\/","title":{"rendered":"APEL et OGEC de l&rsquo;\u00c9cole Notre Dame du Rosaire"},"content":{"rendered":"\t\t<div class=\"elementor elementor-106\">\n\t\t\t<div class=\"elementor-inner\">\n\t\t\t\t<div class=\"elementor-section-wrap\">\n\t\t\t\t\t\t\t<section data-id=\"b2c6514\" class=\"elementor-element elementor-element-b2c6514 elementor-section-boxed elementor-section-height-default elementor-section-height-default elementor-section elementor-top-section\" data-element_type=\"section\">\n\t\t\t\t\t\t<div class=\"elementor-container elementor-column-gap-default\">\n\t\t\t\t<div class=\"elementor-row\">\n\t\t\t\t<div data-id=\"2ee308c\" class=\"elementor-element elementor-element-2ee308c elementor-column elementor-col-100 elementor-top-column\" data-element_type=\"column\">\n\t\t\t<div class=\"elementor-column-wrap elementor-element-populated\">\n\t\t\t\t\t<div class=\"elementor-widget-wrap\">\n\t\t\t\t<div data-id=\"220b8b3\" class=\"elementor-element elementor-element-220b8b3 elementor-widget elementor-widget-heading\" data-element_type=\"heading.default\">\n\t\t\t\t<div class=\"elementor-widget-container\">\n\t\t\t<h1 class=\"elementor-heading-title elementor-size-default\">APEL<\/h1>\t\t<\/div>\n\t\t\t\t<\/div>\n\t\t\t\t\t\t<\/div>\n\t\t\t<\/div>\n\t\t<\/div>\n\t\t\t\t\t\t<\/div>\n\t\t\t<\/div>\n\t\t<\/section>\n\t\t\t\t<section data-id=\"c39d745\" class=\"elementor-element elementor-element-c39d745 elementor-section-boxed elementor-section-height-default elementor-section-height-default elementor-section elementor-top-section\" data-element_type=\"section\">\n\t\t\t\t\t\t<div class=\"elementor-container elementor-column-gap-default\">\n\t\t\t\t<div class=\"elementor-row\">\n\t\t\t\t<div data-id=\"0aa9c33\" class=\"elementor-element elementor-element-0aa9c33 elementor-column elementor-col-66 elementor-top-column\" data-element_type=\"column\">\n\t\t\t<div class=\"elementor-column-wrap elementor-element-populated\">\n\t\t\t\t\t<div class=\"elementor-widget-wrap\">\n\t\t\t\t<div data-id=\"939880e\" class=\"elementor-element elementor-element-939880e elementor-widget elementor-widget-text-editor\" data-element_type=\"text-editor.default\">\n\t\t\t\t<div class=\"elementor-widget-container\">\n\t\t\t\t\t<div class=\"elementor-text-editor elementor-clearfix\"><h4><span style=\"color: #105289;\">L\u2019APEL Notre Dame du Rosaire est l\u2019association des parents d\u2019\u00e9l\u00e8ves de l\u2019\u00e9cole Notre Dame du Rosaire de Chimilin.<\/span><\/h4><p><span style=\"color: #105289;\"><strong>Faire partie de l\u2019APEL Notre Dame du Rosaire,<\/strong> <\/span>c\u2019est entrer dans le c\u0153ur de l\u2019\u00e9cole, \u00eatre acteur de son d\u00e9veloppement pour l\u2019\u00e9ducation de nos enfants.\u00a0C\u2019est une exp\u00e9rience humaine riche de par la collaboration \u00e9troite avec l\u2019\u00e9quipe enseignante, les familles, les administrations.\u00a0La plus grande satisfaction est de voir les enfants grandir et s\u2019\u00e9panouir dans une \u00e9cole o\u00f9 les adultes s\u2019impliquent ensemble dans un m\u00eame but.<\/p><h5><span style=\"color: #105289;\">L\u2019APEL Notre Dame du Rosaire met en \u0153uvre diverses manifestations tout au long de l\u2019ann\u00e9e scolaire pour cr\u00e9er une ambiance conviviale entre les familles :<\/span><\/h5><ul style=\"list-style-type: circle;\"><li><strong>Un petit-d\u00e9jeuner est offert \u00e0 la rentr\u00e9e<\/strong> pour que les parents, les \u00e9l\u00e8ves et l\u2019\u00e9quipe p\u00e9dagogique se d\u00e9couvrent ou se retrouvent.<\/li><li><strong>Pour No\u00ebl,<\/strong> une apr\u00e8s-midi est organis\u00e9e pour les enfants avec un spectacle, un go\u00fbter et m\u00eame des cadeaux distribu\u00e9s par le P\u00e8re No\u00ebl\u2009!<\/li><li><strong>Puis suivent le Carnaval,<\/strong> avec son d\u00e9fil\u00e9 et sa soir\u00e9e cr\u00eapes et la chasse aux \u0153ufs jonch\u00e9es d\u2019\u00e9nigmes \u00e0 r\u00e9soudre pour gagner ses chocolats.<\/li><li><strong>Enfin l\u2019ann\u00e9e se cl\u00f4ture par la Kermesse,<\/strong> une journ\u00e9e o\u00f9 petits et grands, f\u00eatent ensemble les vacances bien m\u00e9rit\u00e9es.<\/li><\/ul><h5><span style=\"color: #105289;\">Des manifestations solidaires sont \u00e9galement organis\u00e9es afin de r\u00e9colter des fonds\u2009: Loto, Tombola, ventes diverses\u2026<\/span><\/h5><p>L\u2019argent r\u00e9colt\u00e9 sert ainsi \u00e0 aider les familles qui en ont besoin et \u00e0 financer en partie ou dans leur int\u00e9gralit\u00e9 les projets p\u00e9dagogiques de l\u2019\u00e9tablissement.<\/p><blockquote><p>Cette ann\u00e9e par exemple, l\u2019APEL Notre Dame du Rosaire a totalement financ\u00e9 des interventions musicales dispens\u00e9es par des professionnels et a aussi particip\u00e9 \u00e0 la prise en charge d\u2019une partie du cycle obligatoire de piscine (r\u00e9duisant le prix par enfant de 60\u202f%).<\/p><\/blockquote><p>Pour toutes ces actions d\u00e9crites, l\u2019implication de chacun est essentielle.<br \/>L\u2019APEL Notre Dame du Rosaire ne serait rien sans la participation des familles et le soutien de l\u2019\u00e9quipe enseignante, et accueille \u00e0 bras ouverts celles et ceux qui veulent y adh\u00e9rer.<\/p><\/div>\n\t\t\t\t<\/div>\n\t\t\t\t<\/div>\n\t\t\t\t<div data-id=\"d8b5043\" class=\"elementor-element elementor-element-d8b5043 elementor-widget elementor-widget-image\" data-element_type=\"image.default\">\n\t\t\t\t<div class=\"elementor-widget-container\">\n\t\t\t\t\t<div class=\"elementor-image\">\n\t\t\t\t\t\t\t\t\t\t<img width=\"1024\" height=\"704\" src=\"https:\/\/www.diagramme-web.fr\/pontdebeauvoisin\/wp-content\/uploads\/2018\/09\/apel-jda-4-1024x704.jpg\" class=\"attachment-large size-large\" alt=\"Le P\u00e8re No\u00ebl \u00e0 l&#039;\u00c9cole Jeanne d&#039;Arc Ensemble scolaire Rosaire Jeanne d&#039;Arc\" decoding=\"async\" loading=\"lazy\" srcset=\"https:\/\/www.diagramme-web.fr\/pontdebeauvoisin\/wp-content\/uploads\/2018\/09\/apel-jda-4.jpg 1024w, https:\/\/www.diagramme-web.fr\/pontdebeauvoisin\/wp-content\/uploads\/2018\/09\/apel-jda-4-300x206.jpg 300w, https:\/\/www.diagramme-web.fr\/pontdebeauvoisin\/wp-content\/uploads\/2018\/09\/apel-jda-4-768x528.jpg 768w\" sizes=\"(max-width: 1024px) 100vw, 1024px\" \/>\t\t\t\t\t\t\t\t\t\t\t<\/div>\n\t\t\t\t<\/div>\n\t\t\t\t<\/div>\n\t\t\t\t\t\t<\/div>\n\t\t\t<\/div>\n\t\t<\/div>\n\t\t\t\t<div data-id=\"a539f75\" class=\"elementor-element elementor-element-a539f75 elementor-column elementor-col-33 elementor-top-column\" data-element_type=\"column\">\n\t\t\t<div class=\"elementor-column-wrap elementor-element-populated\">\n\t\t\t\t\t<div class=\"elementor-widget-wrap\">\n\t\t\t\t<div data-id=\"21cf9ab\" class=\"elementor-element elementor-element-21cf9ab elementor-widget elementor-widget-image\" data-element_type=\"image.default\">\n\t\t\t\t<div class=\"elementor-widget-container\">\n\t\t\t\t\t<div class=\"elementor-image\">\n\t\t\t\t\t\t\t\t\t\t<img width=\"768\" height=\"562\" src=\"https:\/\/www.diagramme-web.fr\/pontdebeauvoisin\/wp-content\/uploads\/2018\/09\/Logo_Apel_RVB-768x562.jpg\" class=\"attachment-medium_large size-medium_large\" alt=\"Logo de l&#039;Association des Parents d&#039;\u00c9l\u00e8ves\" decoding=\"async\" loading=\"lazy\" srcset=\"https:\/\/www.diagramme-web.fr\/pontdebeauvoisin\/wp-content\/uploads\/2018\/09\/Logo_Apel_RVB-768x562.jpg 768w, https:\/\/www.diagramme-web.fr\/pontdebeauvoisin\/wp-content\/uploads\/2018\/09\/Logo_Apel_RVB-300x220.jpg 300w, https:\/\/www.diagramme-web.fr\/pontdebeauvoisin\/wp-content\/uploads\/2018\/09\/Logo_Apel_RVB-1024x750.jpg 1024w, https:\/\/www.diagramme-web.fr\/pontdebeauvoisin\/wp-content\/uploads\/2018\/09\/Logo_Apel_RVB.jpg 1748w\" sizes=\"(max-width: 768px) 100vw, 768px\" \/>\t\t\t\t\t\t\t\t\t\t\t<\/div>\n\t\t\t\t<\/div>\n\t\t\t\t<\/div>\n\t\t\t\t<div data-id=\"74e0a20\" class=\"elementor-element elementor-element-74e0a20 elementor-widget elementor-widget-spacer\" data-element_type=\"spacer.default\">\n\t\t\t\t<div class=\"elementor-widget-container\">\n\t\t\t\t\t<div class=\"elementor-spacer\">\n\t\t\t<div class=\"elementor-spacer-inner\"><\/div>\n\t\t<\/div>\n\t\t\t\t<\/div>\n\t\t\t\t<\/div>\n\t\t\t\t<div data-id=\"b2f59a9\" class=\"elementor-element elementor-element-b2f59a9 elementor-widget elementor-widget-heading\" data-element_type=\"heading.default\">\n\t\t\t\t<div class=\"elementor-widget-container\">\n\t\t\t<h5 class=\"elementor-heading-title elementor-size-default\">Nous contacter<\/h5>\t\t<\/div>\n\t\t\t\t<\/div>\n\t\t\t\t<div data-id=\"004481d\" class=\"elementor-element elementor-element-004481d elementor-widget elementor-widget-text-editor\" data-element_type=\"text-editor.default\">\n\t\t\t\t<div class=\"elementor-widget-container\">\n\t\t\t\t\t<div class=\"elementor-text-editor elementor-clearfix\"><p><a href=\"mailto:apel.nddr.chimilin@gmail.com\" target=\"_blank\" rel=\"noopener\">apel.nddr.chimilin@gmail.com<\/a><\/p><\/div>\n\t\t\t\t<\/div>\n\t\t\t\t<\/div>\n\t\t\t\t<div data-id=\"2c082b4\" class=\"elementor-element elementor-element-2c082b4 elementor-widget elementor-widget-text-editor\" data-element_type=\"text-editor.default\">\n\t\t\t\t<div class=\"elementor-widget-container\">\n\t\t\t\t\t<div class=\"elementor-text-editor elementor-clearfix\"><p>Pour t\u00e9l\u00e9charger les statuts de l&rsquo;APEL de l&rsquo;\u00c9cole Notre Dame du Rosaire, cliquez <a href=\"http:\/\/www.diagramme-web.fr\/pontdebeauvoisin\/wp-content\/uploads\/2018\/10\/statuts-apel-nddr.pdf\">ici<\/a>.<\/p><\/div>\n\t\t\t\t<\/div>\n\t\t\t\t<\/div>\n\t\t\t\t<div data-id=\"7211cbe\" class=\"elementor-element elementor-element-7211cbe elementor-widget elementor-widget-image\" data-element_type=\"image.default\">\n\t\t\t\t<div class=\"elementor-widget-container\">\n\t\t\t\t\t<div class=\"elementor-image\">\n\t\t\t\t\t\t\t\t\t\t<img width=\"858\" height=\"1024\" src=\"https:\/\/www.diagramme-web.fr\/pontdebeauvoisin\/wp-content\/uploads\/2018\/09\/apel-jda-2-858x1024.jpg\" class=\"attachment-large size-large\" alt=\"Jeux \u00e0 l&#039;\u00c9cole Jeanne d&#039;Arc Ensemble scolaire Rosaire Jeanne d&#039;Arc\" decoding=\"async\" loading=\"lazy\" srcset=\"https:\/\/www.diagramme-web.fr\/pontdebeauvoisin\/wp-content\/uploads\/2018\/09\/apel-jda-2-858x1024.jpg 858w, https:\/\/www.diagramme-web.fr\/pontdebeauvoisin\/wp-content\/uploads\/2018\/09\/apel-jda-2-251x300.jpg 251w, https:\/\/www.diagramme-web.fr\/pontdebeauvoisin\/wp-content\/uploads\/2018\/09\/apel-jda-2-768x917.jpg 768w, https:\/\/www.diagramme-web.fr\/pontdebeauvoisin\/wp-content\/uploads\/2018\/09\/apel-jda-2.jpg 1024w\" sizes=\"(max-width: 858px) 100vw, 858px\" \/>\t\t\t\t\t\t\t\t\t\t\t<\/div>\n\t\t\t\t<\/div>\n\t\t\t\t<\/div>\n\t\t\t\t<div data-id=\"eef0f4c\" class=\"elementor-element elementor-element-eef0f4c elementor-widget elementor-widget-spacer\" data-element_type=\"spacer.default\">\n\t\t\t\t<div class=\"elementor-widget-container\">\n\t\t\t\t\t<div class=\"elementor-spacer\">\n\t\t\t<div class=\"elementor-spacer-inner\"><\/div>\n\t\t<\/div>\n\t\t\t\t<\/div>\n\t\t\t\t<\/div>\n\t\t\t\t<div data-id=\"cc82b67\" class=\"elementor-element elementor-element-cc82b67 elementor-widget elementor-widget-image\" data-element_type=\"image.default\">\n\t\t\t\t<div class=\"elementor-widget-container\">\n\t\t\t\t\t<div class=\"elementor-image\">\n\t\t\t\t\t\t\t\t\t\t<img width=\"768\" height=\"1024\" src=\"https:\/\/www.diagramme-web.fr\/pontdebeauvoisin\/wp-content\/uploads\/2018\/09\/apel-jda-1-768x1024.jpg\" class=\"attachment-large size-large\" alt=\"Jeux \u00e0 l&#039;\u00c9cole Jeanne d&#039;Arc Ensemble scolaire Rosaire Jeanne d&#039;Arc\" decoding=\"async\" loading=\"lazy\" srcset=\"https:\/\/www.diagramme-web.fr\/pontdebeauvoisin\/wp-content\/uploads\/2018\/09\/apel-jda-1-768x1024.jpg 768w, https:\/\/www.diagramme-web.fr\/pontdebeauvoisin\/wp-content\/uploads\/2018\/09\/apel-jda-1-225x300.jpg 225w, https:\/\/www.diagramme-web.fr\/pontdebeauvoisin\/wp-content\/uploads\/2018\/09\/apel-jda-1.jpg 1024w\" sizes=\"(max-width: 768px) 100vw, 768px\" \/>\t\t\t\t\t\t\t\t\t\t\t<\/div>\n\t\t\t\t<\/div>\n\t\t\t\t<\/div>\n\t\t\t\t\t\t<\/div>\n\t\t\t<\/div>\n\t\t<\/div>\n\t\t\t\t\t\t<\/div>\n\t\t\t<\/div>\n\t\t<\/section>\n\t\t\t\t<section data-id=\"e04dda8\" class=\"elementor-element elementor-element-e04dda8 elementor-section-boxed elementor-section-height-default elementor-section-height-default elementor-section elementor-top-section\" data-settings=\"{&quot;background_background&quot;:&quot;classic&quot;}\" data-element_type=\"section\">\n\t\t\t\t\t\t<div class=\"elementor-container elementor-column-gap-default\">\n\t\t\t\t<div class=\"elementor-row\">\n\t\t\t\t<div data-id=\"001fe0d\" class=\"elementor-element elementor-element-001fe0d elementor-column elementor-col-100 elementor-top-column\" data-element_type=\"column\">\n\t\t\t<div class=\"elementor-column-wrap elementor-element-populated\">\n\t\t\t\t\t<div class=\"elementor-widget-wrap\">\n\t\t\t\t<div data-id=\"56ee590\" class=\"elementor-element elementor-element-56ee590 elementor-widget elementor-widget-heading\" data-element_type=\"heading.default\">\n\t\t\t\t<div class=\"elementor-widget-container\">\n\t\t\t<h2 class=\"elementor-heading-title elementor-size-default\">OGEC<\/h2>\t\t<\/div>\n\t\t\t\t<\/div>\n\t\t\t\t<div data-id=\"d1b48ca\" class=\"elementor-element elementor-element-d1b48ca elementor-widget elementor-widget-text-editor\" data-element_type=\"text-editor.default\">\n\t\t\t\t<div class=\"elementor-widget-container\">\n\t\t\t\t\t<div class=\"elementor-text-editor elementor-clearfix\"><p>L\u2019OGEC (Organisme de Gestion d\u2019un \u00c9tablissement Catholique) Jeanne d\u2019Arc est une association 1901 qui assure la gestion \u00e9conomique, sociale et financi\u00e8re en collaboration avec les chefs d\u2019\u00e9tablissements (\u00e9cole et coll\u00e8ge). L\u2019association encaisse les contributions des familles et les subventions vers\u00e9es par l\u2019\u00c9tat et le Conseil D\u00e9partemental pour le coll\u00e8ge, par la commune de Pont de Beauvoisin pour l\u2019\u00e9cole. L\u2019OGEC est l\u2019employeur du personnel non enseignant (personnel administratif, personnel d\u2019\u00e9ducation, personnel de service et personnel de Direction)\u2009; les enseignants \u00e9tant employ\u00e9s directement par l\u2019\u00c9tat. L\u2019OGEC assure les travaux d\u2019entretien des b\u00e2timents et les investissements.<\/p><\/div>\n\t\t\t\t<\/div>\n\t\t\t\t<\/div>\n\t\t\t\t\t\t<\/div>\n\t\t\t<\/div>\n\t\t<\/div>\n\t\t\t\t\t\t<\/div>\n\t\t\t<\/div>\n\t\t<\/section>\n\t\t\t\t\t\t<\/div>\n\t\t\t<\/div>\n\t\t<\/div>\n\t\t","protected":false},"excerpt":{"rendered":"<p>APEL L\u2019APEL Notre Dame du Rosaire est l\u2019association des parents d\u2019\u00e9l\u00e8ves de l\u2019\u00e9cole Notre Dame du Rosaire de Chimilin. Faire partie de l\u2019APEL Notre Dame du Rosaire, c\u2019est entrer dans le c\u0153ur de l\u2019\u00e9cole, \u00eatre acteur de son d\u00e9veloppement pour l\u2019\u00e9ducation de nos enfants.\u00a0C\u2019est une exp\u00e9rience humaine riche de par la collaboration \u00e9troite avec l\u2019\u00e9quipe [&hellip;]<\/p>\n","protected":false},"author":1,"featured_media":0,"parent":6,"menu_order":0,"comment_status":"closed","ping_status":"closed","template":"","meta":[],"_links":{"self":[{"href":"https:\/\/www.diagramme-web.fr\/pontdebeauvoisin\/wp-json\/wp\/v2\/pages\/106"}],"collection":[{"href":"https:\/\/www.diagramme-web.fr\/pontdebeauvoisin\/wp-json\/wp\/v2\/pages"}],"about":[{"href":"https:\/\/www.diagramme-web.fr\/pontdebeauvoisin\/wp-json\/wp\/v2\/types\/page"}],"author":[{"embeddable":true,"href":"https:\/\/www.diagramme-web.fr\/pontdebeauvoisin\/wp-json\/wp\/v2\/users\/1"}],"replies":[{"embeddable":true,"href":"https:\/\/www.diagramme-web.fr\/pontdebeauvoisin\/wp-json\/wp\/v2\/comments?post=106"}],"version-history":[{"count":9,"href":"https:\/\/www.diagramme-web.fr\/pontdebeauvoisin\/wp-json\/wp\/v2\/pages\/106\/revisions"}],"predecessor-version":[{"id":1084,"href":"https:\/\/www.diagramme-web.fr\/pontdebeauvoisin\/wp-json\/wp\/v2\/pages\/106\/revisions\/1084"}],"up":[{"embeddable":true,"href":"https:\/\/www.diagramme-web.fr\/pontdebeauvoisin\/wp-json\/wp\/v2\/pages\/6"}],"wp:attachment":[{"href":"https:\/\/www.diagramme-web.fr\/pontdebeauvoisin\/wp-json\/wp\/v2\/media?parent=106"}],"curies":[{"name":"wp","href":"https:\/\/api.w.org\/{rel}","templated":true}]}}