{"id":73,"date":"2018-03-06T16:12:56","date_gmt":"2018-03-06T15:12:56","guid":{"rendered":"http:\/\/www.diagramme-web.fr\/pontdebeauvoisin\/?page_id=73"},"modified":"2018-11-19T10:04:20","modified_gmt":"2018-11-19T09:04:20","slug":"presentation","status":"publish","type":"page","link":"https:\/\/www.diagramme-web.fr\/pontdebeauvoisin\/ecole-jeanne-darc\/presentation\/","title":{"rendered":"Pr\u00e9sentation \u00c9cole Jeanne d&rsquo;Arc"},"content":{"rendered":"\t\t<div class=\"elementor elementor-73\">\n\t\t\t<div class=\"elementor-inner\">\n\t\t\t\t<div class=\"elementor-section-wrap\">\n\t\t\t\t\t\t\t<section data-id=\"4ed3c8cb\" class=\"elementor-element elementor-element-4ed3c8cb elementor-section-full_width elementor-section-height-default elementor-section-height-default elementor-section elementor-top-section\" data-element_type=\"section\">\n\t\t\t\t\t\t<div class=\"elementor-container elementor-column-gap-no\">\n\t\t\t\t<div class=\"elementor-row\">\n\t\t\t\t<div data-id=\"575e1790\" class=\"elementor-element elementor-element-575e1790 elementor-column elementor-col-100 elementor-top-column\" data-element_type=\"column\">\n\t\t\t<div class=\"elementor-column-wrap elementor-element-populated\">\n\t\t\t\t\t<div class=\"elementor-widget-wrap\">\n\t\t\t\t<div data-id=\"1a6e3148\" class=\"elementor-element elementor-element-1a6e3148 elementor-widget elementor-widget-image-carousel\" data-settings=\"{&quot;slides_to_show&quot;:&quot;1&quot;,&quot;navigation&quot;:&quot;arrows&quot;,&quot;pause_on_hover&quot;:&quot;yes&quot;,&quot;autoplay&quot;:&quot;yes&quot;,&quot;autoplay_speed&quot;:5000,&quot;infinite&quot;:&quot;yes&quot;,&quot;effect&quot;:&quot;slide&quot;,&quot;speed&quot;:500,&quot;direction&quot;:&quot;ltr&quot;}\" data-element_type=\"image-carousel.default\">\n\t\t\t\t<div class=\"elementor-widget-container\">\n\t\t\t\t\t<div class=\"elementor-image-carousel-wrapper elementor-slick-slider\" dir=\"ltr\">\n\t\t\t<div class=\"elementor-image-carousel slick-arrows-inside\">\n\t\t\t\t<div class=\"slick-slide\"><figure class=\"slick-slide-inner\"><img decoding=\"async\" class=\"slick-slide-image\" src=\"https:\/\/www.diagramme-web.fr\/pontdebeauvoisin\/wp-content\/uploads\/2018\/03\/carroussel-acc-ecjeannedarc.jpg\" alt=\"\u00c9cole Jeanne d&#039;Arc Pont de Beauvoisin\" \/><figcaption class=\"elementor-image-carousel-caption\">\u00c9cole Jeanne d'Arc Pont de Beauvoisin compte\u00a03 classes maternelles, 7 classes \u00e9l\u00e9mentaires et 1 regroupement d\u2019adaptation<\/figcaption><\/figure><\/div>\t\t\t<\/div>\n\t\t<\/div>\n\t\t\t\t<\/div>\n\t\t\t\t<\/div>\n\t\t\t\t\t\t<\/div>\n\t\t\t<\/div>\n\t\t<\/div>\n\t\t\t\t\t\t<\/div>\n\t\t\t<\/div>\n\t\t<\/section>\n\t\t\t\t<section data-id=\"3b597ba\" class=\"elementor-element elementor-element-3b597ba elementor-section-boxed elementor-section-height-default elementor-section-height-default elementor-section elementor-top-section\" data-element_type=\"section\">\n\t\t\t\t\t\t<div class=\"elementor-container elementor-column-gap-default\">\n\t\t\t\t<div class=\"elementor-row\">\n\t\t\t\t<div data-id=\"234f03b\" class=\"elementor-element elementor-element-234f03b elementor-column elementor-col-66 elementor-top-column\" data-element_type=\"column\">\n\t\t\t<div class=\"elementor-column-wrap elementor-element-populated\">\n\t\t\t\t\t<div class=\"elementor-widget-wrap\">\n\t\t\t\t<div data-id=\"fe62578\" class=\"elementor-element elementor-element-fe62578 elementor-widget elementor-widget-heading\" data-element_type=\"heading.default\">\n\t\t\t\t<div class=\"elementor-widget-container\">\n\t\t\t<h2 class=\"elementor-heading-title elementor-size-default\">Horaires<\/h2>\t\t<\/div>\n\t\t\t\t<\/div>\n\t\t\t\t<div data-id=\"e5a89b1\" class=\"elementor-element elementor-element-e5a89b1 elementor-widget elementor-widget-heading\" data-element_type=\"heading.default\">\n\t\t\t\t<div class=\"elementor-widget-container\">\n\t\t\t<h5 class=\"elementor-heading-title elementor-size-default\">L\u2019\u00e9cole fonctionne sur des semaines de 4 jours : lundi, mardi, jeudi, vendredi<\/h5>\t\t<\/div>\n\t\t\t\t<\/div>\n\t\t\t\t<div data-id=\"701e74f\" class=\"elementor-element elementor-element-701e74f elementor-widget elementor-widget-shortcode\" data-element_type=\"shortcode.default\">\n\t\t\t\t<div class=\"elementor-widget-container\">\n\t\t\t\t\t<div class=\"elementor-shortcode\">\n<table id=\"tablepress-horjda\" class=\"tablepress tablepress-id-horjda\">\n<tbody class=\"row-hover\">\n<tr class=\"row-1 odd\">\n\t<td class=\"column-1\"><strong>7h30<\/strong><\/td><td class=\"column-2\">Ouverture de l\u2019\u00e9cole<\/td>\n<\/tr>\n<tr class=\"row-2 even\">\n\t<td class=\"column-1\"><strong>7h30 \u00e0 8h15<\/strong><\/td><td class=\"column-2\">Surveillance du matin<\/td>\n<\/tr>\n<tr class=\"row-3 odd\">\n\t<td class=\"column-1\"><strong>8h15 \u00e0 8h30<\/strong><\/td><td class=\"column-2\">Accueil pour tous dans la cour pour les \u00e9l\u00e8ves des classes \u00e9l\u00e9mentaires.<br \/>\nAccueil des \u00e9l\u00e8ves des classes maternelles PS et MS dans leur classe.<\/td>\n<\/tr>\n<tr class=\"row-4 even\">\n\t<td class=\"column-1\"><strong>8h30<\/strong><\/td><td class=\"column-2\">Sonnerie et mise en rang dans la cour pour les \u00e9l\u00e8ves de GS maternelle jusqu\u2019au CM2.<\/td>\n<\/tr>\n<tr class=\"row-5 odd\">\n\t<td class=\"column-1\"><strong>11h35<\/strong><\/td><td class=\"column-2\">Sortie<\/td>\n<\/tr>\n<tr class=\"row-6 even\">\n\t<td class=\"column-1\"><strong>11h45 \u00e0 12h15<\/strong><\/td><td class=\"column-2\">Surveillance midi pour les \u00e9l\u00e8ves inscrits via Service Complice.<br \/>\nRestauration : 1<sup>er<\/sup> service<\/td>\n<\/tr>\n<tr class=\"row-7 odd\">\n\t<td class=\"column-1\"><strong>12h15<\/strong><\/td><td class=\"column-2\">Restauration : 2<sup>\u00e8me<\/sup> service<\/td>\n<\/tr>\n<tr class=\"row-8 even\">\n\t<td class=\"column-1\"><strong>13h15<\/strong><\/td><td class=\"column-2\">Ouverture de l\u2019\u00e9cole<\/td>\n<\/tr>\n<tr class=\"row-9 odd\">\n\t<td class=\"column-1\"><strong>13h30<\/strong><\/td><td class=\"column-2\">Reprise des cours<\/td>\n<\/tr>\n<tr class=\"row-10 even\">\n\t<td class=\"column-1\"><strong>16h30<\/strong><\/td><td class=\"column-2\">Sortie<\/td>\n<\/tr>\n<tr class=\"row-11 odd\">\n\t<td class=\"column-1\"><strong>16h45 \u00e0 17h<\/strong><\/td><td class=\"column-2\">Surveillance soir pour les \u00e9l\u00e8ves inscrits via Service Complice.<\/td>\n<\/tr>\n<tr class=\"row-12 even\">\n\t<td class=\"column-1\"><strong>17h \u00e0 18h30<\/strong><br \/>\n(3 cr\u00e9neaux propos\u00e9s : voir le r\u00e8glement int\u00e9rieur)<\/td><td class=\"column-2\">Garderie pour les \u00e9l\u00e8ves de maternelles.<br \/>\nEtude dirig\u00e9e pour \u00e9l\u00e8ves des classes \u00e9l\u00e9mentaires.<br \/>\nLes \u00e9l\u00e8ves sont inscrits via Service Complice.<\/td>\n<\/tr>\n<\/tbody>\n<\/table>\n<!-- #tablepress-horjda from cache --><\/div>\n\t\t\t\t<\/div>\n\t\t\t\t<\/div>\n\t\t\t\t\t\t<\/div>\n\t\t\t<\/div>\n\t\t<\/div>\n\t\t\t\t<div data-id=\"e982026\" class=\"elementor-element elementor-element-e982026 elementor-column elementor-col-33 elementor-top-column\" data-element_type=\"column\">\n\t\t\t<div class=\"elementor-column-wrap elementor-element-populated\">\n\t\t\t\t\t<div class=\"elementor-widget-wrap\">\n\t\t\t\t<div data-id=\"226dcb7\" class=\"elementor-element elementor-element-226dcb7 elementor-widget elementor-widget-image\" data-element_type=\"image.default\">\n\t\t\t\t<div class=\"elementor-widget-container\">\n\t\t\t\t\t<div class=\"elementor-image\">\n\t\t\t\t\t\t\t\t\t\t<img width=\"343\" height=\"216\" src=\"https:\/\/www.diagramme-web.fr\/pontdebeauvoisin\/wp-content\/uploads\/2018\/03\/logo-ecolejd.png\" class=\"attachment-large size-large\" alt=\"Logo de l&#039;\u00e9cole Jeanne d&#039;Arc Pont de Beauvoisin\" decoding=\"async\" loading=\"lazy\" srcset=\"https:\/\/www.diagramme-web.fr\/pontdebeauvoisin\/wp-content\/uploads\/2018\/03\/logo-ecolejd.png 343w, https:\/\/www.diagramme-web.fr\/pontdebeauvoisin\/wp-content\/uploads\/2018\/03\/logo-ecolejd-300x189.png 300w\" sizes=\"(max-width: 343px) 100vw, 343px\" \/>\t\t\t\t\t\t\t\t\t\t\t<\/div>\n\t\t\t\t<\/div>\n\t\t\t\t<\/div>\n\t\t\t\t<div data-id=\"f2f32bc\" class=\"elementor-element elementor-element-f2f32bc elementor-widget elementor-widget-heading\" data-element_type=\"heading.default\">\n\t\t\t\t<div class=\"elementor-widget-container\">\n\t\t\t<h2 class=\"elementor-heading-title elementor-size-default\">Contact<\/h2>\t\t<\/div>\n\t\t\t\t<\/div>\n\t\t\t\t<div data-id=\"d047f88\" class=\"elementor-element elementor-element-d047f88 elementor-widget elementor-widget-text-editor\" data-element_type=\"text-editor.default\">\n\t\t\t\t<div class=\"elementor-widget-container\">\n\t\t\t\t\t<div class=\"elementor-text-editor elementor-clearfix\"><div data-dtype=\"d3ifr\" data-local-attribute=\"d3adr\" data-ved=\"2ahUKEwjB-v6wwMTdAhWDxIUKHf92AFYQghwoADAPegQIChAh\"><p><strong>\u00c9cole Jeanne d\u2019Arc<\/strong><br \/>6, rue du Bourg Neuf<br \/>38480 Pont de Beauvoisin<br \/>04 76 37 04 20<br \/><a href=\"mailto:ogec.jeannedarc38@wanadoo.fr\">ogec.jeannedarc38@wanadoo.fr<\/a><\/p><\/div><\/div>\n\t\t\t\t<\/div>\n\t\t\t\t<\/div>\n\t\t\t\t\t\t<\/div>\n\t\t\t<\/div>\n\t\t<\/div>\n\t\t\t\t\t\t<\/div>\n\t\t\t<\/div>\n\t\t<\/section>\n\t\t\t\t<section data-id=\"e983f1b\" class=\"elementor-element elementor-element-e983f1b elementor-section-boxed elementor-section-height-default elementor-section-height-default elementor-section elementor-top-section\" data-settings=\"{&quot;background_background&quot;:&quot;classic&quot;}\" data-element_type=\"section\">\n\t\t\t\t\t\t<div class=\"elementor-container elementor-column-gap-default\">\n\t\t\t\t<div class=\"elementor-row\">\n\t\t\t\t<div data-id=\"ee12bd3\" class=\"elementor-element elementor-element-ee12bd3 elementor-column elementor-col-100 elementor-top-column\" data-element_type=\"column\">\n\t\t\t<div class=\"elementor-column-wrap elementor-element-populated\">\n\t\t\t\t\t<div class=\"elementor-widget-wrap\">\n\t\t\t\t<div data-id=\"7fe5b4f\" class=\"elementor-element elementor-element-7fe5b4f elementor-widget elementor-widget-text-editor\" data-element_type=\"text-editor.default\">\n\t\t\t\t<div class=\"elementor-widget-container\">\n\t\t\t\t\t<div class=\"elementor-text-editor elementor-clearfix\"><blockquote><p><strong>Attention\u00a0: l\u2019\u00e9tablissement est ferm\u00e9 de 12h15 \u00e0 13h15.<br \/><\/strong>Il est demand\u00e9 d\u2019arriver au moins 5 minutes avant la sonnerie pour le respect du travail de nos \u00e9l\u00e8ves, des enseignants et du personnel.<br \/><strong>La garderie du soir pour les \u00e9l\u00e8ves de maternelles\u00a0:<\/strong> des jeux calmes leur sont propos\u00e9s.<br \/><strong>L\u2019\u00e9tude du soir du CP au CE1\u00a0:<\/strong> les \u00e9l\u00e8ves effectuent leurs devoirs sous la surveillance et l\u2019aide d\u2019un adulte.<br \/><strong>L\u2019\u00e9tude du soir du CE2 au CM2\u00a0:<\/strong> les \u00e9l\u00e8ves effectuent leurs devoirs sous la surveillance et l\u2019aide d\u2019un adulte.<br \/><strong>Les sorties sont assur\u00e9es par le personnel OGEC<\/strong> \u00e0 17h30, 18h00 ou 18h30 (selon l\u2019horaire s\u00e9lectionn\u00e9 par vos soins lors de l\u2019inscription sur Service Complice).<\/p><\/blockquote><\/div>\n\t\t\t\t<\/div>\n\t\t\t\t<\/div>\n\t\t\t\t\t\t<\/div>\n\t\t\t<\/div>\n\t\t<\/div>\n\t\t\t\t\t\t<\/div>\n\t\t\t<\/div>\n\t\t<\/section>\n\t\t\t\t<section data-id=\"c02b112\" class=\"elementor-element elementor-element-c02b112 elementor-section-boxed elementor-section-height-default elementor-section-height-default elementor-section elementor-top-section\" data-element_type=\"section\">\n\t\t\t\t\t\t<div class=\"elementor-container elementor-column-gap-default\">\n\t\t\t\t<div class=\"elementor-row\">\n\t\t\t\t<div data-id=\"137096d\" class=\"elementor-element elementor-element-137096d elementor-column elementor-col-66 elementor-top-column\" data-element_type=\"column\">\n\t\t\t<div class=\"elementor-column-wrap elementor-element-populated\">\n\t\t\t\t\t<div class=\"elementor-widget-wrap\">\n\t\t\t\t<div data-id=\"cf3a049\" class=\"elementor-element elementor-element-cf3a049 elementor-widget elementor-widget-heading\" data-element_type=\"heading.default\">\n\t\t\t\t<div class=\"elementor-widget-container\">\n\t\t\t<h2 class=\"elementor-heading-title elementor-size-default\">Vacances scolaires 2018\/2019<\/h2>\t\t<\/div>\n\t\t\t\t<\/div>\n\t\t\t\t<div data-id=\"138d878\" class=\"elementor-element elementor-element-138d878 elementor-widget elementor-widget-shortcode\" data-element_type=\"shortcode.default\">\n\t\t\t\t<div class=\"elementor-widget-container\">\n\t\t\t\t\t<div class=\"elementor-shortcode\">\n<table id=\"tablepress-vacjda\" class=\"tablepress tablepress-id-vacjda\">\n<tbody class=\"row-hover\">\n<tr class=\"row-1 odd\">\n\t<td class=\"column-1\"><strong>Toussaint<\/strong><\/td><td class=\"column-2\">du vendredi 19 octobre 2018 apr\u00e8s la classe au lundi 05 novembre 2018 au matin.<\/td>\n<\/tr>\n<tr class=\"row-2 even\">\n\t<td class=\"column-1\"><strong>No\u00ebl<\/strong><\/td><td class=\"column-2\">du vendredi 21 d\u00e9cembre 2018 apr\u00e8s la classe au lundi 07 janvier 2019 au matin.<\/td>\n<\/tr>\n<tr class=\"row-3 odd\">\n\t<td class=\"column-1\"><strong>Hiver<\/strong><\/td><td class=\"column-2\">du vendredi 15 f\u00e9vrier 2019 apr\u00e8s la classe au lundi 4 mars 2019 au matin.<\/td>\n<\/tr>\n<tr class=\"row-4 even\">\n\t<td class=\"column-1\"><strong>Printemps<\/strong><\/td><td class=\"column-2\">du vendredi 12 avril  2019 apr\u00e8s la classe au lundi 29 avril 2019 au matin.<\/td>\n<\/tr>\n<tr class=\"row-5 odd\">\n\t<td class=\"column-1\"><strong>Ascension<\/strong><\/td><td class=\"column-2\"><\/td>\n<\/tr>\n<tr class=\"row-6 even\">\n\t<td class=\"column-1\"><strong>\u00c9t\u00e9<\/strong><\/td><td class=\"column-2\">du vendredi 12 avril  2019 apr\u00e8s la classe au lundi 29 avril 2019 au matin.<\/td>\n<\/tr>\n<\/tbody>\n<\/table>\n<!-- #tablepress-vacjda from cache --><\/div>\n\t\t\t\t<\/div>\n\t\t\t\t<\/div>\n\t\t\t\t\t\t<\/div>\n\t\t\t<\/div>\n\t\t<\/div>\n\t\t\t\t<div data-id=\"197de42\" class=\"elementor-element elementor-element-197de42 elementor-column elementor-col-33 elementor-top-column\" data-element_type=\"column\">\n\t\t\t<div class=\"elementor-column-wrap elementor-element-populated\">\n\t\t\t\t\t<div class=\"elementor-widget-wrap\">\n\t\t\t\t<div data-id=\"2f03e50\" class=\"elementor-element elementor-element-2f03e50 elementor-widget elementor-widget-heading\" data-element_type=\"heading.default\">\n\t\t\t\t<div class=\"elementor-widget-container\">\n\t\t\t<h2 class=\"elementor-heading-title elementor-size-default\">Dates \u00e0 retenir<\/h2>\t\t<\/div>\n\t\t\t\t<\/div>\n\t\t\t\t<div data-id=\"b52a39b\" class=\"elementor-element elementor-element-b52a39b elementor-widget elementor-widget-text-editor\" data-element_type=\"text-editor.default\">\n\t\t\t\t<div class=\"elementor-widget-container\">\n\t\t\t\t\t<div class=\"elementor-text-editor elementor-clearfix\"><ul style=\"list-style-type: square;\"><li>Jeudi 27 septembre 2018\u00a0: <b>photo de classe<\/b><\/li><li>Jeudi 19 octobre 2018\u00a0: <b>cross<\/b><\/li><li>Vendredi 21 d\u00e9cembre 2018\u00a0: <b>spectacle de No\u00ebl<\/b><\/li><li>Jeudi 20 d\u00e9cembre\u00a0: <b>c\u00e9l\u00e9bration de No\u00ebl<\/b><\/li><li>Samedi 29 juin 2019\u00a0:\u00a0 <b>kermesse<\/b><\/li><li>Vendredi 5 juillet 2019\u00a0: <b>c\u00e9l\u00e9bration de fin d\u2019ann\u00e9e<\/b><\/li><\/ul><\/div>\n\t\t\t\t<\/div>\n\t\t\t\t<\/div>\n\t\t\t\t\t\t<\/div>\n\t\t\t<\/div>\n\t\t<\/div>\n\t\t\t\t\t\t<\/div>\n\t\t\t<\/div>\n\t\t<\/section>\n\t\t\t\t<section data-id=\"36728c7\" class=\"elementor-element elementor-element-36728c7 elementor-section-boxed elementor-section-height-default elementor-section-height-default elementor-section elementor-top-section\" data-element_type=\"section\">\n\t\t\t\t\t\t<div class=\"elementor-container elementor-column-gap-default\">\n\t\t\t\t<div class=\"elementor-row\">\n\t\t\t\t<div data-id=\"2002b21\" class=\"elementor-element elementor-element-2002b21 elementor-column elementor-col-100 elementor-top-column\" data-element_type=\"column\">\n\t\t\t<div class=\"elementor-column-wrap elementor-element-populated\">\n\t\t\t\t\t<div class=\"elementor-widget-wrap\">\n\t\t\t\t<div data-id=\"0b4df3b\" class=\"elementor-element elementor-element-0b4df3b elementor-widget elementor-widget-divider\" data-element_type=\"divider.default\">\n\t\t\t\t<div class=\"elementor-widget-container\">\n\t\t\t\t\t<div class=\"elementor-divider\">\n\t\t\t<span class=\"elementor-divider-separator\"><\/span>\n\t\t<\/div>\n\t\t\t\t<\/div>\n\t\t\t\t<\/div>\n\t\t\t\t\t\t<\/div>\n\t\t\t<\/div>\n\t\t<\/div>\n\t\t\t\t\t\t<\/div>\n\t\t\t<\/div>\n\t\t<\/section>\n\t\t\t\t<section data-id=\"4057d3d\" class=\"elementor-element elementor-element-4057d3d elementor-section-boxed elementor-section-height-default elementor-section-height-default elementor-section elementor-top-section\" data-element_type=\"section\">\n\t\t\t\t\t\t<div class=\"elementor-container elementor-column-gap-default\">\n\t\t\t\t<div class=\"elementor-row\">\n\t\t\t\t<div data-id=\"8b53080\" class=\"elementor-element elementor-element-8b53080 elementor-column elementor-col-100 elementor-top-column\" data-element_type=\"column\">\n\t\t\t<div class=\"elementor-column-wrap elementor-element-populated\">\n\t\t\t\t\t<div class=\"elementor-widget-wrap\">\n\t\t\t\t<div data-id=\"a3cff75\" class=\"elementor-element elementor-element-a3cff75 elementor-widget elementor-widget-heading\" data-element_type=\"heading.default\">\n\t\t\t\t<div class=\"elementor-widget-container\">\n\t\t\t<h2 class=\"elementor-heading-title elementor-size-default\">\u00c9quipe enseignantes pour l'ann\u00e9e 2018\/2019<\/h2>\t\t<\/div>\n\t\t\t\t<\/div>\n\t\t\t\t<div data-id=\"86e978e\" class=\"elementor-element elementor-element-86e978e elementor-widget elementor-widget-heading\" data-element_type=\"heading.default\">\n\t\t\t\t<div class=\"elementor-widget-container\">\n\t\t\t<h5 class=\"elementor-heading-title elementor-size-default\">Le chef d\u2019\u00e9tablissement : Sophie GANTELMI d\u2019ILLE<\/h5>\t\t<\/div>\n\t\t\t\t<\/div>\n\t\t\t\t<div data-id=\"62e63b0\" class=\"elementor-element elementor-element-62e63b0 elementor-widget elementor-widget-shortcode\" data-element_type=\"shortcode.default\">\n\t\t\t\t<div class=\"elementor-widget-container\">\n\t\t\t\t\t<div class=\"elementor-shortcode\">\n<table id=\"tablepress-profjda\" class=\"tablepress tablepress-id-profjda\">\n<thead>\n<tr class=\"row-1 odd\">\n\t<th class=\"column-1\">CLASSES<\/th><th class=\"column-2\">ENSEIGNANTES &amp; ASEM<\/th>\n<\/tr>\n<\/thead>\n<tbody class=\"row-hover\">\n<tr class=\"row-2 even\">\n\t<td class=\"column-1\">TPS\/PS<\/td><td class=\"column-2\">Florence GUYENOT &amp; Kader CHAREF<\/td>\n<\/tr>\n<tr class=\"row-3 odd\">\n\t<td class=\"column-1\">PS\/MS<\/td><td class=\"column-2\">Virginie RIBET &amp; Marielle BERTHET<\/td>\n<\/tr>\n<tr class=\"row-4 even\">\n\t<td class=\"column-1\">GS<\/td><td class=\"column-2\">Evelyne BARRET &amp; Martine POULET\/\u00c9milie ZIEGLER<\/td>\n<\/tr>\n<tr class=\"row-5 odd\">\n\t<td class=\"column-1\">CPA<\/td><td class=\"column-2\">Elisabeth MULTIN et Sophie GANTELMI d\u2019ILLE<\/td>\n<\/tr>\n<tr class=\"row-6 even\">\n\t<td class=\"column-1\">CPB\/CE1B<\/td><td class=\"column-2\">Annabel COTTALORDA<\/td>\n<\/tr>\n<tr class=\"row-7 odd\">\n\t<td class=\"column-1\">CE1A\/CE2B<\/td><td class=\"column-2\">Caroline BORGH\u00c8SE et Olivia de CORNULIER<\/td>\n<\/tr>\n<tr class=\"row-8 even\">\n\t<td class=\"column-1\">CE2A<\/td><td class=\"column-2\">Caroline TIRARD-COLL\u00c9<\/td>\n<\/tr>\n<tr class=\"row-9 odd\">\n\t<td class=\"column-1\">CM1A<\/td><td class=\"column-2\">Adeline BONAIM\u00c9<\/td>\n<\/tr>\n<tr class=\"row-10 even\">\n\t<td class=\"column-1\">CM1B\/CM2B<\/td><td class=\"column-2\">Fabienne FALCONNET<\/td>\n<\/tr>\n<tr class=\"row-11 odd\">\n\t<td class=\"column-1\">CM2A<\/td><td class=\"column-2\">Nadeige MARIN<\/td>\n<\/tr>\n<\/tbody>\n<\/table>\n<!-- #tablepress-profjda from cache --><\/div>\n\t\t\t\t<\/div>\n\t\t\t\t<\/div>\n\t\t\t\t\t\t<\/div>\n\t\t\t<\/div>\n\t\t<\/div>\n\t\t\t\t\t\t<\/div>\n\t\t\t<\/div>\n\t\t<\/section>\n\t\t\t\t\t\t<\/div>\n\t\t\t<\/div>\n\t\t<\/div>\n\t\t","protected":false},"excerpt":{"rendered":"<p>L\u2019\u00e9cole priv\u00e9e Jeanne d\u2019Arc compte\u00a03 classes maternelles, 7 classes \u00e9l\u00e9mentaires et 1 regroupement d\u2019adaptation Horaires L\u2019\u00e9cole fonctionne sur des semaines de 4 jours : lundi, mardi, jeudi, vendredi Contact \u00c9cole Jeanne d\u2019Arc 6, rue du Bourg Neuf 38480 Pont de Beauvoisin 04 76 37 04 20 ogec.jeannedarc38@wanadoo.fr Attention\u00a0: l\u2019\u00e9tablissement est ferm\u00e9 de 12h15 \u00e0 13h15. [&hellip;]<\/p>\n","protected":false},"author":1,"featured_media":0,"parent":9,"menu_order":0,"comment_status":"closed","ping_status":"closed","template":"","meta":[],"_links":{"self":[{"href":"https:\/\/www.diagramme-web.fr\/pontdebeauvoisin\/wp-json\/wp\/v2\/pages\/73"}],"collection":[{"href":"https:\/\/www.diagramme-web.fr\/pontdebeauvoisin\/wp-json\/wp\/v2\/pages"}],"about":[{"href":"https:\/\/www.diagramme-web.fr\/pontdebeauvoisin\/wp-json\/wp\/v2\/types\/page"}],"author":[{"embeddable":true,"href":"https:\/\/www.diagramme-web.fr\/pontdebeauvoisin\/wp-json\/wp\/v2\/users\/1"}],"replies":[{"embeddable":true,"href":"https:\/\/www.diagramme-web.fr\/pontdebeauvoisin\/wp-json\/wp\/v2\/comments?post=73"}],"version-history":[{"count":35,"href":"https:\/\/www.diagramme-web.fr\/pontdebeauvoisin\/wp-json\/wp\/v2\/pages\/73\/revisions"}],"predecessor-version":[{"id":1066,"href":"https:\/\/www.diagramme-web.fr\/pontdebeauvoisin\/wp-json\/wp\/v2\/pages\/73\/revisions\/1066"}],"up":[{"embeddable":true,"href":"https:\/\/www.diagramme-web.fr\/pontdebeauvoisin\/wp-json\/wp\/v2\/pages\/9"}],"wp:attachment":[{"href":"https:\/\/www.diagramme-web.fr\/pontdebeauvoisin\/wp-json\/wp\/v2\/media?parent=73"}],"curies":[{"name":"wp","href":"https:\/\/api.w.org\/{rel}","templated":true}]}}